 Calculate l(m).
10
Let k(h) = h**2 + 0 - 7 - 2*h + 0*h. Let f(x) = -2*x**2 - 8*x - 8. Let s be f(-6). Let i = -27 - s. Calculate k(i).
8
Let l(q) = q**2 + 7*q - 9. Let f be l(-8). Let w be 7/4 + f/(-4). Let n(i) = -i**2 + 2*i - 3. Give n(w).
-3
Let r(n) = -n**3 + 5*n**2 - 5*n - 4. Let p be 30/(-9)*(-30)/25. Give r(p).
-8
Let u(b) be the first derivative of 1/3*b**3 + b + b**2 + b**4 - 3. Determine u(-1).
-4
Let n(c) be the third derivative of 0*c - 1/120*c**6 - 1/2*c**3 + 0 - 4*c**2 + 1/60*c**5 - 1/24*c**4. Determine n(0).
-3
Suppose h + 3 + 1 = 0. Let o(m) be the first derivative of -m**2/2 + 2*m + 7. Calculate o(h).
6
Let i(g) = 4*g - 1. Let d(s) = s**2 - 3*s - 3. Let v be d(4). Let q be 4*(2/(-8) - v). Let o = -4 - q. Determine i(o).
3
Suppose -1 = 4*g + 3*t - 4, 0 = -g + 4*t - 23. Let v(q) = 4*q - 3. Give v(g).
-15
Let a(x) be the second derivative of x**4/12 + 2*x**3/3 - 7*x**2/2 + 20*x. Give a(-6).
5
Let i(q) = -q**3 - 5*q**2 - 2*q - 13. Let p be i(-5). Let v(k) = k + 1. Give v(p).
-2
Let w(r) = r + 1. Let j(v) = -8*v + 3. Let y(s) = -j(s) + 3*w(s). Give y(1).
11
Let u(w) be the first derivative of w**5/60 + w**4/12 - w**3 + 1. Let d(t) be the third derivative of u(t). Suppose 2*v + 8 = -2*v. Calculate d(v).
-2
Let p(s) = -6*s - 5. Let m(n) = 0*n + n + 6 + 5*n. Let q(k) = -5*m(k) - 6*p(k). Suppose 6 = 2*g + 4. Give q(g).
6
Let l be (-2)/(-6) + (-13)/3. Let k(g) be the second derivative of g**5/20 + 5*g**4/12 + 2*g**3/3 - 3*g**2/2 + 3*g. Determine k(l).
-3
Suppose -4*w = 3*g - 9, 3 - 46 = -3*w + 5*g. Let p(d) = -d - w - 6*d + 5*d. Calculate p(-4).
2
Let u(i) be the first derivative of i**4/2 + i**3 - 2*i**2 + 4*i - 4. Let d(c) = -c**3 - 1. Let k(f) = d(f) + u(f). Let v be 6*(-5)/((-15)/(-2)). Give k(v).
3
Let o(j) = -j + 3 - 4 + 0 + 2. Let y(z) = -z + 2. Let r be y(2). What is o(r)?
1
Let o(t) = -t**3 - 7*t**2 - 5*t + 3. Let n(l) = -2*l + 32. Let g be n(19). Give o(g).
-3
Let p = -10 + 13. Let t(q) = 6*q**2 - 3*q - 6. Let n(w) = -7*w**2 + 3*w + 7. Let d(a) = -5*n(a) - 6*t(a). Give d(p).
1
Let v(y) be the second derivative of 5/24*y**4 + 0 + 1/120*y**5 - 2*y + 1/3*y**3 + 0*y**2. Let r(o) be the second derivative of v(o). Give r(-6).
-1
Suppose 2*l - 21 = 3*d - 0*d, 5*d - 3 = -3*l. Let y(f) = -2 - f**2 - l*f - f + 2*f. What is y(-6)?
-8
Suppose 40 = -3*r + 13*r. Let c(y) = -2*y + 4. Give c(r).
-4
Let d(s) = -2*s**2 + 3*s - 9. Let m(g) = g**2 - g + 4. Let z = -2 + 0. Let a(y) = z*d(y) - 5*m(y). Calculate a(0).
-2
Let j(n) = n - 4. Let d be 1/(-2)*4/1. Let k(s) = 4*s + 1. Let y be k(-1). Let o be (3/d)/(y/4). What is j(o)?
-2
Suppose 36 + 14 = 5*t. Suppose -3*o - t = -2*l, -4*l - o + 6 = -0. Let g(x) be the third derivative of x**5/20 - x**4/24 - x**3/6 - x**2. Determine g(l).
9
Let m(p) be the first derivative of p**2 - 2*p + 3. Give m(-2).
-6
Let m be (-54)/(-10) - (-6)/(-15). Let j(i) = -i + 3*i - 6*i + 1 - 6*i**2 + 7*i**2. Calculate j(m).
6
Let y(u) = u**3 - 4*u**2 + 2*u - 1. Let k = 5 - 3. Let d be (-2 + 5 - -1)/k. Give y(d).
-5
Let f be 2/(-2 - (0 + -3)). Let y(r) = -f*r**3 + 4*r**3 - r**3 + 3 + 3*r**2 + 2*r. Determine y(-2).
3
Suppose 5*v = 13 + 2. Suppose n + v = -2*n. Let x(h) = -4*h - 6*h + 4*h. Calculate x(n).
6
Let m(n) = n**3 + n**2 + n + 1. Let j be m(-1). Let x be (-3 - j)*(-1)/3. Let b(z) be the third derivative of z**4/12 - z**3/6 + z**2. What is b(x)?
1
Let t(w) = -8 + 0*w + w + 1. Suppose 4*o - 28 = -0*n - 4*n, 3*n + 19 = 5*o. Determine t(o).
-2
Let q(o) = -2*o**2 - 5*o - 2. Let k be (-6)/9 - (-5)/3. Let t be k/4 - (-30)/8. Let u = -7 + t. Determine q(u).
-5
Let q(j) = -j**2 + 2*j**2 + j - j**3 + 0*j. Let x be (-10)/4*(-36)/45. Let n(p) = -p**3 + p**2 + 2*p - 1. Let s be n(x). Calculate q(s).
1
Suppose t - 29 + 33 = 0. Let m(v) = 2*v + 4. What is m(t)?
-4
Let x(k) = 4*k**3 - 3*k**2 + 3*k + 9. Let s(h) = -3*h**3 + 2*h**2 - 2*h - 8. Let u(d) = -3*s(d) - 2*x(d). Determine u(0).
6
Let m(b) = -b + 2. Let i = 4 + 14. Let o = i + -24. What is m(o)?
8
Let m(g) be the third derivative of -g**7/840 - g**6/60 - 7*g**5/120 - 5*g**4/24 + g**3/3 - 6*g**2. Let r(u) be the first derivative of m(u). Give r(-5).
5
Let p(c) = -7*c**2 - 10*c + 3. Let o(q) = -6*q**2 - 9*q + 4. Let a(u) = -6*o(u) + 5*p(u). Calculate a(-7).
12
Let m(s) = 4 + 5 + 24*s**2 + s - 23*s**2. Calculate m(0).
9
Let p(u) be the third derivative of -u**5/60 + 2*u**2. Let k(z) = 5*z**2 + 6*z + 1. Let y(j) = k(j) + 4*p(j). Determine y(-4).
-7
Let k(w) = w - 2. Let m(f) = 3*f - 7. Let h(b) = -7*k(b) + 2*m(b). Determine h(-3).
3
Suppose a = 2*a - 4. Let s(b) = b - 1 + 6*b + 8 - a*b**2 + 5*b**2. Calculate s(-5).
-3
Let y(j) be the third derivative of j**5/60 - j**4/6 - 7*j**3/6 - 2*j**2. Suppose -12 + 0 = -2*l. Calculate y(l).
5
Let s(j) = 13*j - 23 + 10*j**2 - 11*j**2 + 16. Calculate s(12).
5
Let c(j) be the first derivative of -j**4/4 - j**3 + j**2 - 4*j - 9. Suppose 2*s - 3*s = 4. Give c(s).
4
Let d(h) = 1. Let f(q) = 4*q**2 + 2*q - 1. Let t(s) = -2*d(s) - f(s). Determine t(-1).
-3
Let s(y) = -y**2 + y + 1. Suppose 5*u = 5*i + 20, -5*i = -4*u - 4*i + 22. Suppose -2*b - 10 = -2*v, -u + 5 = -2*v - b. Suppose -p = v*p. Give s(p).
1
Suppose 5*z + 27 = 2*z. Let w(a) = -3*a**2 + 3. Let s(i) = -7*i**2 + 7. Let x(l) = z*w(l) + 4*s(l). Determine x(-1).
0
Let i be (-44)/(-12) - 4/6. Let c(w) = -8 + 4*w**2 + 3*w + 9 - i*w**2. Calculate c(-4).
5
Let f(u) = u**3 - u - 1. Suppose -16 = -2*k + 4*a, -k - 4*a = k. Suppose -5*g = k + 6. Determine f(g).
-7
Let x(w) = -w**3 - 5*w**2 - 4*w + 2. Let h be x(-4). Let p = h + -4. Let c(u) = -2 + 1 - 2*u - 1 - 2*u**3 + 0*u - 2*u**2. Calculate c(p).
10
Let t(a) = -1 - 4*a**2 + 258*a - 127*a - 131*a. What is t(2)?
-17
Let k(q) be the first derivative of -q**3/3 - 5*q**2/2 + 2*q + 6. Calculate k(-5).
2
Let v be -1*7/((-3)/(-3)). Let k(a) = -a**3 - 6*a**2 + 6*a + 8. What is k(v)?
15
Let x(l) = -117 - 2*l - l + 118. Let s = 3 + -2. Let q be 4/2 + (1 - s). Give x(q).
-5
Let a(o) = o**3 - 3*o**2 + 2*o + 1. Let c be 2/4 - 55/(-22). Give a(c).
7
Let b(m) be the first derivative of -8*m**3/3 + m + 1. Suppose 2*i - 6*i = 60. Let k = i - -14. Calculate b(k).
-7
Suppose -a - a + 68 = 0. Suppose 4*j - a = -14. Suppose -j*c + 33 = 2*d, c - 6*c + 25 = 0. Let o(t) = t**3 - 4*t**2 - t + 2. What is o(d)?
-2
Suppose f + 2*b = 5*f - 10, -3*f + 10 = b. Suppose -6 = -0*z - f*z. Let n(a) = 2*a**3 - 2*a**2 - a - 1. Give n(z).
5
Let p = 1 + -3. Let y(k) be the second derivative of -k**4/4 - 2*k**3/3 - 3*k**2/2 + k. What is y(p)?
-7
Let h(n) be the second derivative of -1/2*n**2 + 0 - 1/6*n**3 + 1/6*n**4 - 3*n. Give h(-1).
2
Let u(d) = -3 + 4*d + 0*d**3 - 10*d - 4*d**2 + 3*d**3 - 2*d**3. Suppose 4*g + 34 = 2*l, 3*l - 6 = 3. Let x = -2 - g. Give u(x).
-8
Let q(i) = i**2 + 6*i + 5. Let b be q(-4). Let d be (-3 + 1)*b/(-6). Let n(s) = 1 + 81*s - 2 - 74*s. Calculate n(d).
-8
Suppose 5*w = 4*w - 6. Let m(c) = -c**2. Let y(k) = 4*k**2 - 6*k + 5. Let d(i) = 5*m(i) + y(i). Give d(w).
5
Let w = 6 + -3. Suppose 2*d - 10 = -w*d. Let s(z) = 8 - z**3 - z - z**2 + 4*z**d - 2*z**2. Determine s(0).
8
Suppose 3*v + 13 = -p, 2*p - 6 - 1 = 5*v. Let r(f) = 0 - 3*f**3 + 4*f**3 + 6*f + 1 + 6*f**2. What is r(p)?
9
Let d(u) = u**2 + 6*u + 5. Let q be d(-6). Let o(f) be the second derivative of 2*f + 1/12*f**4 - f**3 + 0 - f**2. Calculate o(q).
-7
Let q(v) = -v - 1. Let a be q(1). Let h(l) be the second derivative of l + 0*l**3 + 0 - 1/2*l**2 + 1/4*l**4 + 1/20*l**5. What is h(a)?
3
Let s(g) = -g**3 - 4*g**2 - 3*g - 4. Suppose -2*n + 7 = y, -4*n - 2*y + y + 17 = 0. Let p be -6 + n + 1 + -4. What is s(p)?
8
Let j(b) = b**2 + 10*b - 5. Let u be j(-10). Let z(x) = x**2 + 6*x + 2. Let r be z(u). Let n be (-11)/2 + r/(-2). Let p(m) = 2*m + 6. Calculate p(n).
-2
Let j be (-21)/9 + 2/(-3). Suppose -9 + 1 = -4*z, 0 = -s - 2*z + 6. Let k(o) = -o + 2*o**2 - s*o - 2*o**3 + 3*o**3 + 2. Calculate k(j).
2
Suppose 4*y = -b + 6, 0 = -8*y + 3*y + b + 12. Let x(r) = -3*r**3 + 3*r**2 + 2*r**3 - r - 4*r**y. Give x(0).
0
Let y be 2/6*(2 - -4). Suppose -4*g - y = 2. Let x be 2/(-3) + g/3. Let l(s) = -2*s**2 - 1. Determine l(x).
-3
Let l(y) be the first derivative of 5*y**2/2 + 4*y + 1. Let o be l(-3). Let j be 2/o + (-26)/(-22). Let g(t) = t**3 + t**2 - t. Calculate g(j).
1
Let k(m) = m**3 - 2*m**2 - 3*m + 1. Suppose h